905?
1761
What is the highest common divisor of 111635923 and 833?
119
Calculate the greatest common divisor of 75670105 and 21.
7
What is the greatest common factor of 184375 and 700861?
59
Calculate the greatest common divisor of 9991902 and 3.
3
Calculate the greatest common factor of 328 and 3653551.
41
Calculate the highest common divisor of 108 and 2545068.
12
Calculate the greatest common divisor of 43 and 3564227.
43
Calculate the highest common factor of 2137388500 and 100.
100
Calculate the greatest common factor of 1066 and 1324259.
41
What is the highest common divisor of 201494590 and 297?
11
What is the greatest common divisor of 3158809 and 15481?
137
Calculate the highest common divisor of 28125 and 107059375.
3125
Calculate the greatest common factor of 26 and 119474407.
13
What is the highest common divisor of 155751065 and 2355?
785
What is the highest common divisor of 26468 and 7332?
52
What is the highest common divisor of 701 and 2426862?
701
Calculate the highest common factor of 121406450 and 90.
10
What is the highest common divisor of 13145328 and 483?
483
What is the highest common divisor of 9476 and 1439570?
46
What is the highest common factor of 211596680 and 9210?
3070
What is the greatest common divisor of 9668 and 96385126?
4834
Calculate the greatest common factor of 1650 and 87468975.
825
What is the greatest common factor of 649037650 and 175?
25
Calculate the greatest common divisor of 1525901 and 32448.
169
What is the greatest common factor of 35 and 1146615505?
35
Calculate the greatest common divisor of 364 and 60694478.
26
What is the highest common divisor of 57 and 489579?
3
What is the highest common divisor of 2336620 and 20064?
836
What is the greatest common factor of 43623468 and 46683?
3591
What is the greatest common factor of 700 and 9688?
28
Calculate the greatest common divisor of 10705717 and 3436.
859
Calculate the highest common divisor of 112 and 61672.
8
Calculate the highest common factor of 540980 and 550220.
220
Calculate the highest common divisor of 113 and 367203896.
113
What is the greatest common factor of 37721844 and 68?
68
What is the greatest common factor of 3729 and 555423?
33
Calculate the greatest common divisor of 88 and 6655869.
11
What is the greatest common divisor of 106496 and 21008?
208
Calculate the highest common divisor of 89359652 and 16.
4
Calculate the greatest common factor of 25576 and 1551304.
184
Calculate the highest common divisor of 1462 and 69683306.
1462
Calculate the highest common factor of 2412522 and 58179.
123
What is the greatest common divisor of 4524 and 28131363?
1131
What is the greatest common divisor of 33083104 and 608?
608
What is the greatest common divisor of 48 and 7928274?
6
Calculate the greatest common divisor of 114056223 and 1581.
93
What is the highest common divisor of 19217 and 195635?
11
Calculate the greatest common factor of 171038348 and 860.
172
Calculate the greatest common divisor of 114034805 and 230.
115
Calculate the greatest common factor of 397465 and 7930.
5
What is the highest common divisor of 136817 and 54359730?
3337
Calculate the greatest common factor of 11090422 and 1957.
103
What is the greatest common divisor of 5975960 and 40?
40
Calculate the highest common divisor of 397015 and 33695.
1465
What is the highest common divisor of 146772 and 64930?
302
What is the greatest common divisor of 619904279 and 133?
19
What is the greatest common factor of 3009493 and 1678?
839
What is the greatest common divisor of 31302084 and 2508?
132
Calculate the greatest common divisor of 31 and 71563438.
31
What is the highest common factor of 152 and 4710290?
38
Calculate the greatest common divisor of 57201916 and 59.
59
Calculate the highest common divisor of 541731850 and 550.
550
What is the highest common divisor of 4811 and 73559?
17
Calculate the highest common factor of 5800040 and 1245.
415
What is the highest common factor of 7042 and 301869414?
7042
What is the greatest common factor of 736720 and 185?
5
What is the highest common divisor of 165356 and 23852?
268
What is the greatest common factor of 22041 and 2450106?
711
Calculate the greatest common divisor of 184 and 844399.
23
Calculate the greatest common factor of 171610 and 127070.
1310
What is the greatest common divisor of 7039 and 1161273103?
7039
What is the greatest common factor of 56 and 89122320?
56
What is the highest common divisor of 128552130 and 1428?
714
Calculate the highest common divisor of 276998 and 54.
2
What is the greatest common divisor of 101664 and 272808?
72
What is the greatest common divisor of 2015 and 38411542?
403
Calculate the greatest common factor of 235558973 and 13.
13
What is the highest common divisor of 2611812 and 52700?
2108
Calculate the highest common factor of 552 and 2453232.
24
What is the highest common factor of 878 and 17885299?
439
Calculate the greatest common factor of 5382 and 8114886.
234
Calculate the highest common divisor of 99361 and 117157.
1483
What is the greatest common factor of 7 and 5785255?
7
What is the greatest common factor of 5259884 and 2128?
532
Calculate the greatest common divisor of 196 and 14134246.
98
What is the greatest common factor of 76779 and 17566227?
4041
Calculate the greatest common divisor of 18412622 and 116.
58
What is the highest common factor of 46838 and 78193912?
4258
Calculate the highest common divisor of 13110 and 1208121.
69
Calculate the highest common factor of 2768853 and 166665.
123
Calculate the highest common divisor of 32 and 37437656.
8
What is the highest common factor of 1495 and 13577915?
65
What is the greatest common divisor of 27092741 and 26?
13
Calculate the greatest common factor of 38076720 and 12.
12
What is the highest common factor of 10712098 and 1358?
194
Calculate the greatest common divisor of 132973 and 2065600.
1291
What is the greatest common divisor of 189 and 4909023?
63
What is the highest common divisor of 15641320 and 8128?
1016
What is the greatest common divisor of 1119721 and 1905709?
3119
Calculate the greatest common factor of 8 and 904456.
8
What is the highest common factor of 92187 and 261?
9
Calculate the greatest common factor of 59279024 and 588.
196
What is the greatest common divisor of 12383366 and 1586?
122
What is the greatest common divisor of 42470972 and 4296?
716
Calculate the highest common divisor of 4148 and 1202909630.
2074
Calculate the greatest common factor of 10572 and 111695823.
2643
Calculate the highest common factor of 15159 and 46500.
93
Calculate the greatest common divisor of 195 and 26991094.
13
What is the greatest common divisor of 233713830 and 98?
98
Calculate the highest common factor of 111431658 and 78.
78
What is the greatest common factor of 40339 and 4789408?
377
What is the highest common divisor of 2629467 and 10089?
171
Calculate the highest common divisor of 812716 and 28588.
4084
Calculate the greatest common factor of 88 and 1109781002.
22
Calculate the greatest common divisor of 49528 and 64328.
8
Calculate the highest common factor of 728462 and 260470.
854
What is the highest common factor of 847 and 49749634?
121
Calculate the greatest common factor of 17 and 73116167.
17
What is the highest common divisor of 321181400 and 400?
200
Calculate the greatest common factor of 113832 and 47484808.
4216
Calculate the greatest common divisor of 45479 and 166341.
623
Calculate the highest common divisor of 1148 and 257439.
287
What is the highest common factor of 10925 and 5954425?
25
Calculate the greatest common factor of 1201 and 59543178.
1201
Calculate the highest common factor of 1955 and 2999276.
17
Calculate the highest common factor of 8397 and 908928.
27
Calculate the greatest common divisor of 9461418 and 199410.
2346
What is the highest common factor of 2772499 and 3033?
337
Calculate the highest common factor of 10715452 and 33.
11
Calculate the greatest common divisor of 70811 and 171814721.
5447
Calculate the highest common factor of 2552 and 7723976.
232
Calculate the greatest common divisor of 2191 and 57796702.
313
Calculate the greatest common factor of 11800 and 1068136.
472
Calculate the highest common divisor of 46500618 and 276.
138
What is the 